37
What is the remainder when 4483 is divided by 65?
63
Calculate the remainder when 232 is divided by 74.
10
Calculate the remainder when 67 is divided by 5.
2
Calculate the remainder when 832 is divided by 212.
196
What is the remainder when 615 is divided by 294?
27
What is the remainder when 401 is divided by 70?
51
Calculate the remainder when 18 is divided by 7.
4
What is the remainder when 1109 is divided by 1071?
38
What is the remainder when 2402 is divided by 628?
518
Calculate the remainder when 132 is divided by 51.
30
Calculate the remainder when 1954 is divided by 98.
92
What is the remainder when 145 is divided by 11?
2
What is the remainder when 1052 is divided by 39?
38
Calculate the remainder when 856 is divided by 27.
19
What is the remainder when 76 is divided by 35?
6
Calculate the remainder when 276 is divided by 44.
12
What is the remainder when 173 is divided by 75?
23
What is the remainder when 4928 is divided by 53?
52
Calculate the remainder when 423 is divided by 132.
27
Calculate the remainder when 356 is divided by 12.
8
What is the remainder when 476 is divided by 80?
76
Calculate the remainder when 304 is divided by 15.
4
Calculate the remainder when 297 is divided by 147.
3
Calculate the remainder when 138 is divided by 122.
16
What is the remainder when 1425 is divided by 6?
3
What is the remainder when 3652 is divided by 58?
56
What is the remainder when 19 is divided by 1?
0
What is the remainder when 314 is divided by 237?
77
Calculate the remainder when 54 is divided by 29.
25
What is the remainder when 48 is divided by 13?
9
Calculate the remainder when 3653 is divided by 58.
57
Calculate the remainder when 516 is divided by 47.
46
What is the remainder when 3283 is divided by 3274?
9
Calculate the remainder when 5838 is divided by 11.
8
Calculate the remainder when 8915 is divided by 26.
23
Calculate the remainder when 420 is divided by 147.
126
Calculate the remainder when 200 is divided by 61.
17
Calculate the remainder when 393 is divided by 25.
18
Calculate the remainder when 138 is divided by 46.
0
Calculate the remainder when 719 is divided by 16.
15
Calculate the remainder when 868 is divided by 414.
40
Calculate the remainder when 1454 is divided by 54.
50
What is the remainder when 393 is divided by 50?
43
What is the remainder when 3595 is divided by 3586?
9
Calculate the remainder when 371 is divided by 63.
56
Calculate the remainder when 477 is divided by 61.
50
Calculate the remainder when 360 is divided by 82.
32
Calculate the remainder when 741 is divided by 123.
3
Calculate the remainder when 997 is divided by 189.
52
What is the remainder when 50 is divided by 10?
0
What is the remainder when 12944 is divided by 107?
104
Calculate the remainder when 1272 is divided by 17.
14
Calculate the remainder when 5739 is divided by 9.
6
Calculate the remainder when 1270 is divided by 19.
16
Calculate the remainder when 193 is divided by 142.
51
Calculate the remainder when 5247 is divided by 164.
163
What is the remainder when 5294 is divided by 5?
4
What is the remainder when 535 is divided by 75?
10
What is the remainder when 747 is divided by 164?
91
What is the remainder when 343 is divided by 8?
7
Calculate the remainder when 90 is divided by 80.
10
Calculate the remainder when 4059 is divided by 214.
207
What is the remainder when 498 is divided by 102?
90
What is the remainder when 1176 is divided by 182?
84
Calculate the remainder when 7054 is divided by 28.
26
What is the remainder when 2999 is divided by 12?
11
Calculate the remainder when 202 is divided by 42.
34
Calculate the remainder when 259 is divided by 111.
37
Calculate the remainder when 129 is divided by 26.
25
What is the remainder when 1076 is divided by 22?
20
Calculate the remainder when 1330 is divided by 37.
35
What is the remainder when 119 is divided by 99?
20
Calculate the remainder when 171 is divided by 48.
27
What is the remainder when 110 is divided by 34?
8
Calculate the remainder when 598 is divided by 4.
2
What is the remainder when 501 is divided by 74?
57
What is the remainder when 3250 is divided by 5?
0
Calculate the remainder when 204 is divided by 17.
0
What is the remainder when 4044 is divided by 72?
12
Calculate the remainder when 112 is divided by 62.
50
Calculate the remainder when 59 is divided by 12.
11
Calculate the remainder when 174 is divided by 7.
6
What is the remainder when 150 is divided by 26?
20
Calculate the remainder when 501 is divided by 124.
5
Calculate the remainder when 2174 is divided by 79.
41
What is the remainder when 1946 is divided by 33?
32
What is the remainder when 3387 is divided by 117?
111
Calculate the remainder when 48 is divided by 36.
12
Calculate the remainder when 94 is divided by 41.
12
Calculate the remainder when 283 is divided by 62.
35
What is the remainder when 1032 is divided by 69?
66
What is the remainder when 2066 is divided by 23?
19
What is the remainder when 23459 is divided by 276?
275
What is the remainder when 204 is divided by 42?
36
What is the remainder when 4378 is divided by 29?
28
What is the remainder when 8834 is divided by 20?
14
Calculate the remainder when 501 is divided by 254.
247
Calculate the remainder when 131 is divided by 33.
32
Calculate the remainder when 238 is divided by 87.
64
What is the remainder when 779 is divided by 39?
38
What is the remainder when 597 is divided by 140?
37
What is the remainder when 163 is divided by 14?
9
What is the remainder when 958 is divided by 27?
13
What is the remainder when 269 is divided by 68?
65
Calculate the remainder when 2063 is divided by 662.
77
What is the remainder when 72 is divided by 10?
2
Calculate the remainder when 4137 is divided by 90.
87
Calculate the remainder when 4472 is divided by 95.
7
Calculate the remainder when 105 is divided by 27.
24
Calculate the remainder when 38 is divided by 29.
9
What is the remainder when 465 is divided by 78?
75
Calculate the remainder when 42 is divided by 16.
10
Calculate the remainder when 725 is divided by 104.
101
Calculate the remainder when 42 is divided by 11.
9
Calculate the remainder when 47 is divided by 23.
1
What is the remainder when 3417 is divided by 15?
12
What is the remainder when 362 is divided by 344?
18
What is the remainder when 51 is divided by 8?
3
Calculate the remainder when 152 is divided by 11.
9
Calculate the remainder when 717 is divided by 103.
99
What is the remainder when 883 is divided by 148?
143
What is the remainder when 528 is divided by 38?
34
What is the remainder when 36 is divided by 14?
8
Calculate the remainder when 12767 is divided by 96.
95
Calculate the remainder when 88 is divided by 15.
13
Calculate the remainder when 518 is divided by 231.
56
What is the remainder when 877 is divided by 215?
17
What is the remainder when 1076 is divided by 136?
124
What is the remainder when 86 is divided by 11?
9
Calculate the remainder when 8637 is divided by 180.
177
Calculate the remainder when 2065 is divided by 159.
157
What is the remainder when 2367 is divided by 37?
36
Calculate the remainder when 48 is divided by 38.
10
Calculate the remainder when 1811 is divided by 37.
35
What is the remainder when 853 is divided by 98?
69
What is the remainder when 1392 is divided by 93?
90
What is the remainder when 523 is divided by 29?
1
What is the remainder when 221 is divided by 37?
36
Calculate the remainder when 1420 is divided by 179.
167
Calculate the remainder when 362 is divided by 68.
22
Calculate the remainder when 54 is divided by 24.
6
What is the remainder when 319 is divided by 51?
13
What is the remainder when 2098 is divided by 191?
188
What is the remainder when 646 is divided by 228?
190
Calculate the remainder when 280 is divided by 19.
14
Calculate the remainder when 4477 is divided by 28.
25
Calculate the remainder when 1434 is divided by 121.
103
Calculate the remainder when 547 is divided by 55.
52
What is the remainder when 5450 is divided by 143?
16
What is the remainder when 54 is divided by 8?
6
What is the remainder when 1253 is divided by 416?
5
Calculate the remainder when 154 is divided by 78.
76
Calculate the remainder when 2036 is divided by 47.
15
Calculate the remainde